 a composite number?
True
Let i = 45287 - -93186. Is i prime?
False
Suppose 23 = 2*m + 39. Is ((-3916)/m)/((-2)/(-4)) composite?
True
Let n(w) = 432*w - 137. Let l(z) = 2. Let i(j) = -2*l(j) - n(j). Is i(-5) a composite number?
False
Suppose -2*s = -s - j - 3, -s + 2*j = -1. Suppose 1667 = -s*v + 6052. Is v a composite number?
False
Suppose 41*r - 8144306 - 3909653 = 0. Is r prime?
True
Suppose -287337 = -3*k + 4*p, p - 6 = -3. Is k composite?
False
Suppose -j - 4*j + 4963507 = 12*j. Is j prime?
True
Let b(o) = 326*o**3 - 32*o**2 + 43*o - 203. Is b(10) a prime number?
True
Let a(k) = -8*k**3 + 65*k**2 + 380*k - 12. Is a(-19) prime?
False
Let n(d) = 30*d - 17. Let z be n(3). Let y = -68 + z. Suppose -11158 = -y*c + 4557. Is c prime?
False
Suppose i = 5*g - 7, -5*i + 2*g + 19 = -61. Suppose 8*t + 35540 = i*t. Is t composite?
True
Suppose 0*i + 3*o - 17 = i, -12 = i - 4*o. Let w be i - -31 - (-1 + 2 + 1). Let u(r) = -553*r - 2. Is u(w) a prime number?
True
Suppose -21 - 39 = -10*c. Let m be 8/c + 40/(-3). Is -3 + 4 + m*472/(-12) a composite number?
True
Suppose -726*k + 754181419 = -1029746927 + 69475716. Is k a composite number?
True
Suppose -489588 - 2294147 = -5*s. Is s a composite number?
True
Let v = -368 + 404. Suppose g + 416395 = v*g. Is g a prime number?
True
Let g(z) = 2*z**2 - 2*z - 1. Let w be g(2). Suppose 1893 = -4*k - d, 0 = 6*k - w*k + d + 1419. Let c = 1885 + k. Is c prime?
False
Suppose 2*w = 4*l - 191938, -39*w = 4*l - 38*w - 191947. Is l composite?
True
Is 40235 + ((-44)/(-154))/(1/(-14)*1) a prime number?
True
Let f(u) be the third derivative of 187*u**4/24 + 68*u**3/3 + 27*u**2 + u. Is f(15) composite?
True
Suppose p + a + 39 = 0, 2*a - 5*a = 2*p + 82. Let u(s) = -s**3 + 2*s**2 - 3*s + 3. Let q be u(3). Is (-18151)/p + (-6)/q a prime number?
False
Let z(k) = -7*k + 20. Let c be (2/(-4))/(986/492 - 2). Let v be (-8)/(-12) - 1*c/(-9). Is z(v) a prime number?
False
Let z be 190/(-80) + (-5)/8 + 1. Let m(g) = -225*g**3 + 61*g**3 + 0 + 2 - 5*g - 4*g**2 + g. Is m(z) composite?
True
Suppose -808*f - 331109 = -825*f. Is f a prime number?
True
Is (-35)/25 + 1 - (27180237/(-15))/7 composite?
True
Suppose 0 = a + 4*k + 167, 5*a - 4*k = 35 - 846. Suppose 0 = -3*m - 2*x + 764, -3*x + 207 = 3*m - 555. Let j = m + a. Is j prime?
False
Let a(q) = 103*q**2 + 27*q - 127. Let j be (-1)/(6/99)*22/(-33). Is a(j) composite?
True
Suppose -790*k + 793*k = 4*p + 2723823, 5*k - 2*p = 4539733. Is k prime?
False
Suppose -7 = 4*u - 15. Suppose -z + 14392 = 4*k, k - 3979 + 388 = -u*z. Is k composite?
True
Is (-5280879)/(-779) - (-18)/(-369) a composite number?
False
Suppose -24 = -2*k + 4*k. Let q(d) = -2*d**3 - 33*d**2 + 15*d - 55. Let p(l) = -l**3 - 16*l**2 + 7*l - 27. Let s(h) = -5*p(h) + 2*q(h). Is s(k) prime?
True
Suppose -2*m + 26*v - 22*v = -3210, -8 = 2*v. Let n = 2520 - m. Is n prime?
False
Suppose 29*q - 26*q = -4*w + 106185, -3*q = -3*w - 106185. Is q composite?
True
Let i(f) = 2*f**3 - 18*f**2 - 456*f - 5. Is i(39) composite?
False
Let d(x) = -941*x - 1143. Let y be d(12). Let q be (-2 - 6092) + 0/(-3). Let b = q - y. Is b a prime number?
False
Let i = 73853 - -375964. Is i prime?
False
Suppose -d - 3*v = -6*v - 3, -2*d = -4*v - 8. Let f(i) = -293*i + 369*i + 551*i + d. Is f(1) composite?
True
Is 422687513/1195 - (-2 - ((-12)/5 + 0)) a prime number?
False
Is 267835 + 9 - (12/9 + 154/33) a composite number?
True
Let t(d) = 1062*d**2 - 8*d + 27. Is t(7) a prime number?
True
Let f(t) = 4791*t**2 + 29*t - 483. Is f(16) a prime number?
False
Let i = -132 - -124. Let s be 242/(-8) + ((-2)/i)/1. Is (-3)/s + (-16629)/(-10) prime?
True
Let s be (((-28750)/1)/5)/((-10)/(-15)). Let c = -4234 - s. Is c a composite number?
False
Let c be -1 + (18/21)/(8/56). Suppose c*q = -u + 2422, q + 0 = -5. Is u prime?
True
Let z(o) = 293*o**2 - 27*o + 160. Let h = 752 + -746. Is z(h) composite?
True
Suppose 0 = 6*a - 18 + 24. Let m be (0 - a)*-9*(-988)/12. Let i = m - 64. Is i composite?
False
Let p(s) = 761*s + 98. Let v(f) = -2*f**3 - 9*f**2 - 10*f - 15. Let i be v(-4). Is p(i) composite?
False
Let j be 60/(7 - 6)*(-192)/10. Is 1*(0 - j) - 1 prime?
True
Let b be 4*2/28 - (-1056)/(-21). Is (6/15)/(b/(-808625)) a prime number?
True
Suppose -3*r - 19*b + 11817 = -21*b, -2*r + b = -7880. Is r a prime number?
True
Let l(t) be the first derivative of t**4/4 - 3*t**3 - 23*t**2/2 + 12*t + 185. Is l(13) composite?
False
Let l(y) = 16820*y**2 + 58*y - 175. Is l(3) prime?
True
Let x(q) = 176*q**2 - 26*q + 2501. Is x(55) prime?
False
Let u be (-24)/(-4) - (-6 + 6). Suppose 21335 + 6031 = u*a. Is a composite?
False
Let g(f) = -3*f**2 + 20*f - 18. Let b be g(4). Let m(q) = 9*q**2 - 10*q**2 + 9 + 14*q + 14. Is m(b) composite?
False
Let h(l) = 154*l**2 - 34*l + 7. Let s be h(-11). Suppose 66551 + 28524 = 5*f + 2*x, f - 2*x - s = 0. Is f prime?
False
Suppose 3*q - 63834 = 125403 + 58716. Is q a prime number?
True
Let s be (-2)/3 + 23/3. Suppose 11*h = s*h + 8. Suppose 5*d - 520 = -5*m, -3*m = h*m + 4*d - 525. Is m composite?
False
Let m = 64 - 61. Suppose y + 0*y - 5*j - 4085 = 0, -m*j + 12327 = 3*y. Is y a prime number?
False
Let z(o) = -3*o**2 - 3*o + 2. Let w be z(-6). Let c = 1148 - w. Suppose 6*m = 2*m + c. Is m prime?
False
Let l(k) = 142225*k**2 + 33*k - 81. Is l(2) prime?
False
Suppose -2*m - 19 = 5*y, 2*m - 6*m + 7 = y. Let p be 2 + (-3)/(-9) + (-8)/6. Is (2 - m)/(p/(-877)) composite?
False
Suppose -4*a - m + 417178 = 0, -162030 - 150842 = -3*a + 5*m. Is a prime?
False
Is 54556143/366 - (75/(-6))/5 composite?
True
Let g(j) be the second derivative of 7*j**4/6 + 31*j**3/6 - 29*j**2/2 - j + 13. Is g(14) a prime number?
False
Let r(w) = 41408*w**3 + 8*w**2 - 16*w + 13. Is r(2) prime?
True
Suppose -4*y = 2*f - 796082, -13*y = 4*f - 18*y - 1592138. Is f composite?
True
Suppose -10*w + 18*w - 887806 - 2256106 = 0. Is w prime?
False
Let s(k) = 534*k**2 + 34*k - 21. Is s(-11) a prime number?
False
Suppose 0 = -z + 4*o - 5138, -5*z + 5*o + 5183 = -6*z. Is (z/8)/((-4)/16) prime?
True
Suppose -4*q - 4*o + 223648 = 0, -5*o + 173960 = 3*q + 6242. Is q prime?
True
Let w = -1747 + 1201. Let u = 3961 + w. Is u a prime number?
False
Let l(z) = 3*z**3 + 12*z**2 - 71*z + 297. Is l(6) composite?
True
Suppose -12 = -6*h + 12*h. Is (1 - h/(-4))/((-1)/(-542)) a prime number?
True
Suppose -4*i + 26 = -3*s - 8, -3*i - 4*s = -13. Let r = i - 7. Suppose r = -4*h + 3*h + 211. Is h prime?
True
Let z(s) = 2*s**2 - 4*s + 8. Let k be z(2). Suppose k*m = 8 + 8. Suppose 0 = -m*d + 3*f + 2395, 0*f - 5971 = -5*d + 2*f. Is d prime?
True
Let k(h) = 2*h + 15. Let v be k(-5). Let f be ((-102)/v)/(12/(-930)). Let b = f + -1030. Is b composite?
True
Let a = 460241 - 323550. Is a a composite number?
False
Suppose 0 = q + 5*h - 191196, 5*q - 3*h = h + 955835. Is q a prime number?
False
Let q = -34 + 34. Let z = q - -4. Suppose -645 = -3*w + 2*r, 5*w + 9*r = z*r + 1100. Is w prime?
False
Suppose 30244 = 10*d - 15926. Let o = 1527 - 3149. Let l = d + o. Is l prime?
False
Let o(g) = -4*g**2 - g + 1. Let v be o(-2). Let r = v - -19. Is (-10523)/(-51) + (-8)/r prime?
False
Suppose -5*u = 5*s - 25, 4*s - 6*u + 20 = -2*u. Suppose -2*h - d + 5317 = s, -h + 3*d = -0*h - 2648. Is h prime?
True
Suppose t + 4*t = 35. Suppose 2522 = g - 5*l, 5*g + t*l = 5*l + 12691. Is g a prime number?
False
Suppose w + 85*k - 69037 = 80*k, -2*w + 2*k = -138002. Is w composite?
True
Let w be (50/(-150))/(1/48525). Let z = w - -27078. Is z prime?
True
Suppose -14*g + 5*g = -180. Suppose g = 5*m, -4*m - 148 = -0*r - r. Let a = -75 + r. Is a a composite number?
False
Suppose h = -3*t - 3274, 0 = 2*h + h - 15. Let m = -338 - t. Suppose 105 = 4*y - m. Is y prime?
False
Let k = 307 + -305. Suppose -3*h + 30445 = k*h - 5*f, -h + 6089 = -3*f. Is h a composite number?
False
Let w(u) = -7258*u - 391. Is w(-14) a prime number?
True
Let p be 5 + (-1266)/((-12)/2). Let d = 177 + p. Is d composite?
True
Let z be (-56)/48*(-90)/(-28)*-28. Is 35/z + (-8164)/(-6) prime?
True
Let p = 30112 - 19528. Is 1*(p/6 - -1) a composite number?
True
Suppose -4*t = -3*v - 225, -53 = v + 3*t + 22. Let w = 72 + v. Is (-1889)/w - (-20)/(-30) a composite number?
True
Let s = 88 + -72. Suppose -s*d + 7277 = -12*d - 3*n, -2*d + 2*n + 3636 = 0. Is d composite?
False
Let x be 